undreds digit of z?
2
Let o be (0 + (-96)/(-40))/(4/(-270)). Let n = o - -331. What is the hundreds digit of n?
1
Let z(j) = j**2 + 7*j + 3. Let l be z(-7). Let i(u) = 9*u + 31. Let g be i(-2). Suppose 56 = l*c - g. What is the units digit of c?
3
Suppose -7*p + 139879 = 65*p - 801161. What is the tens digit of p?
7
Suppose 67*v = 60*v + 2*w + 97081, 0 = 4*v + 2*w - 55478. What is the units digit of v?
9
Let y(i) = i + 18. Suppose -7*k = 8*k + 180. Let t be y(k). What is the hundreds digit of t/(-4)*((-472)/(-3))/(-2)?
1
Let a = -49 + -17. Let z be (-18 + 17)/(1/a). What is the tens digit of (-8)/((-16)/z) - 1?
3
Suppose -18*p + 17*p = 407. Let c = 78 + p. Let q = c + 532. What is the hundreds digit of q?
2
Let w(o) = -8*o**3 - 47*o**2 + 11*o + 9. Let g(p) = -11*p**3 - 48*p**2 + 9*p + 9. Let z(r) = -2*g(r) + 3*w(r). What is the thousands digit of z(-24)?
1
Suppose -557*y = -551*y - 41862. What is the tens digit of y?
7
Let h be 24/228 + (-23252)/(-38). Suppose 0 = -q + h - 85. What is the hundreds digit of q?
5
Suppose 4*r + 5*r = 1458. Let o be 3 - r/(-21) - 2/(-7). Suppose -9*v = -o*v + 82. What is the tens digit of v?
4
Let o = 91485 - 25791. What is the thousands digit of o?
5
Suppose 73248 = 4*i - 8*r + 3*r, -3*i + 2*r + 54936 = 0. What is the thousands digit of i?
8
Let z be 4 - (4/(-3))/(3/9). Suppose q + m - 583 = 0, 4*m = 2*m - z. Suppose 2*g + 197 = q. What is the units digit of g?
5
Suppose -5*o + 24040 = -2*g, g + 2498 = 3*o - 11927. What is the thousands digit of o?
4
Let d = -16 - -31. What is the units digit of 110*(-2 - d/(-6))?
5
Suppose 29*i - 62553 - 18850 = 0. What is the hundreds digit of i?
8
Let c = 4 + -2. Let r = -1253 - -1257. Suppose 0 = -c*s - 2*j + 68, 5*s + 0*j - 172 = -r*j. What is the units digit of s?
6
Let x be 6/(-4)*(3 + -5). Suppose 26 = z - 3*y + 6, 44 = 4*z - x*y. What is the tens digit of (-560)/(-12) + z/(-12)?
4
Let r(h) = h**2 - 13*h + 18. Let v be r(10). Let c = -11 - v. What is the tens digit of 904/16 - c/2?
5
Let b = 21716 + 32868. What is the tens digit of b?
8
Suppose 0 = -3*w + 4*w - 266. Suppose j - w = -2*p - 2*j, 4*j + 238 = 2*p. What is the units digit of p?
7
Let r = 856 - 241. What is the units digit of r/2 + 25/10?
0
What is the hundreds digit of ((-8868)/(-9))/((-80)/(-900))?
0
Suppose -9*u + 2*u = 0. Suppose u = -2*a - 4*m + 20, 5*a - m + 5 = -0*m. Suppose -5*d + 215 + 0 = a. What is the units digit of d?
3
Let o = 15043 - 11298. What is the tens digit of o?
4
Let z be ((-12)/5)/((-6)/1575). Suppose 0 = -0*w + w - r + 422, -w = -4*r + 425. Let s = w + z. What is the hundreds digit of s?
2
What is the hundreds digit of (176/(-72) - (-8)/18)*34035/(-6)?
3
Suppose 0 = -4*v - 3*d + 141425, -12*d - 70720 = -2*v - 16*d. What is the hundreds digit of v?
3
Let n(v) = 131*v**2 - 2*v - 1. Let a be n(2). Suppose -a = -10*u + 401. Let w = 115 - u. What is the tens digit of w?
2
Suppose 0 = 8*s - 7*s + 1160. What is the units digit of ((-1)/2)/(58/s)?
0
Let x(n) = 19*n - 42. Suppose 3*g - 7*o - 446 = -3*o, 0 = -3*o + 3. Let l = -145 + g. What is the units digit of x(l)?
3
Let x(w) = 9*w + 1254. Let b be x(0). Suppose 49*v - b = 46*v. What is the hundreds digit of v?
4
Let n be -8 + (30052 - 5) - 9. Suppose n = 20*k - 650. What is the units digit of k?
4
Let z(c) = -3555*c**3 - 2*c**2 + 44*c + 77. What is the tens digit of z(-2)?
2
Suppose 5*v - 170 = -5*b, -2*v - 3*b - 130 = -7*v. Suppose -47703 = -v*j + 3192. What is the tens digit of j?
5
Suppose 0 = -x - 5*w - 21, -3*x = -w + 4*w + 15. Let t be (-38)/2 + (-5 - x). Let u = t - -141. What is the tens digit of u?
1
Let b(w) = 16*w**2 - 2*w + 996. What is the tens digit of b(-27)?
1
Let p(z) = z**3 - z + 1. Let r be p(-5). Let q = -60 - r. Suppose -3*s + q = -4*w, 4*s + 3*w = -8 + 120. What is the units digit of s?
5
Let y(o) be the third derivative of 15*o**2 - 17/6*o**3 + 0*o + 1/60*o**5 - 3/8*o**4 + 0. What is the units digit of y(12)?
9
Let x(s) be the second derivative of -13*s**5/20 + s**4/4 + s**3 + 6*s**2 + 4*s - 22. What is the tens digit of x(-4)?
6
Suppose 2*q + t = 1794, 11*t - 9*t = 0. Let s = 432 + q. What is the units digit of s?
9
Let h = 26849 - 13412. What is the units digit of h?
7
Suppose 4*p + 276 = -52. Let n = p + 70. What is the hundreds digit of (-5)/(-20) - (1 - (-2865)/n)?
2
Let z = 124 + -122. Let k be z/(-10)*-5 - -7. Suppose -559 = -k*r + 49. What is the tens digit of r?
7
Suppose 69733 = 3*r - o, -17 - 27 = 11*o. What is the hundreds digit of r?
2
Let a(c) = -2432*c - 3881. What is the ten thousands digit of a(-23)?
5
Suppose 5*s - 21*z = -18*z + 37138, -5*z = -5*s + 37140. What is the units digit of s?
7
Let o = -120 + 122. Suppose 0 = -4*v + 2*h + 326, 3*h - 400 = -5*v - o*h. What is the tens digit of v?
8
Suppose 0 = -6*g - 67*g + 48107. What is the tens digit of g?
5
Let g be -2 + 13/6 - 77/66. What is the units digit of -467*(-1 - 0)*(2 + g)?
7
Suppose 6 = 3*r + 2*m + 1, -m + 6 = -2*r. Let s(l) = -1389*l**3 + 4*l**2 + l - 1. What is the hundreds digit of s(r)?
3
Let q(g) = -5*g**3 - 2*g**2 + 13*g - 27. Let y be q(6). Let b = y - -1973. What is the units digit of b?
2
Let k(u) = 7*u**2 + 5*u**2 + 1126 + 8*u - 1132. What is the units digit of k(-3)?
8
Suppose 16*m = 11*m + 5*y + 10, 22 = 5*m - y. Suppose 2*w = m*o + 511 + 2448, -3*o = 2*w - 2935. What is the units digit of w?
2
Let u(w) = 39*w - 13. Let o be (30/45)/((2/1)/6). What is the tens digit of u(o)?
6
What is the tens digit of 490900/120 - (-4)/24?
9
Suppose -50 = -2*l - 40, -3*l + 30 = 3*x. Let d(k) = 52*k - 28. What is the hundreds digit of d(x)?
2
Let t be 8/2 + -2 + 254. Let c = -122 + t. Let f = c - -24. What is the hundreds digit of f?
1
Let w(p) = 3*p**2 + 24*p - 32. Suppose 0 = 17*o - 91 - 62. What is the units digit of w(o)?
7
Let f(y) be the third derivative of 0 - 17/24*y**4 + 1/30*y**5 + 20*y**2 + 2*y**3 + 0*y. What is the hundreds digit of f(13)?
1
Suppose -17769 = 3*y - 6*y - 2*g, 4*y = -4*g + 23688. What is the units digit of y?
5
Let o(s) = 849*s**3 + 4*s**2 - 2*s - 1. Let j be o(1). Let f = j - 308. What is the tens digit of f?
4
Suppose 0 = c - 4*z - 26, 2*z + 0 - 14 = -4*c. Let r be 3/c*8 - 1. Suppose 78 = r*j - 189. What is the units digit of j?
9
Suppose -3*z + 104130 = 24*t - 27*t, -4*z + 2*t = -138854. What is the tens digit of z?
1
Suppose 4*j + 13*h - 3067 = 14*h, 3*j - 2329 = -5*h. Suppose j = 18*u - 6*u. What is the tens digit of u?
6
Suppose r = -4*t + 11279, -6 = -3*r + 3. What is the thousands digit of t?
2
Suppose 3*f - r - 11 = 0, 0 = -4*r + r - 15. Suppose -f*y - 102 = 2*o, -y + 2*o - 58 = -1. Let s = y + 142. What is the tens digit of s?
8
Let s = 111 - 50. Let v = s - 57. Suppose -329 + 97 = -v*i. What is the units digit of i?
8
Let y(z) = z**3 + 4*z**2 - z + 12. Let u be y(-5). What is the units digit of (-4 + u/(-12))*-30?
0
Suppose 35 = -5*f - 5*i, -f - 5*i - 19 = 8. What is the tens digit of (-350)/(-1)*(5 + f)/3?
5
Suppose 33 = 2*r + 27. Suppose 921 = 3*u - 4*m - m, 900 = r*u + 2*m. What is the hundreds digit of u?
3
Suppose -27604 = 7*y - 10*y + 5*c, -11*y + 101272 = -4*c. What is the hundreds digit of y?
2
What is the hundreds digit of (-6)/(12/(-57178)) - (28 - 29)?
5
Suppose 5*v = 2*b - 4876, 631*b - 4*v + 12223 = 636*b. What is the tens digit of b?
4
What is the tens digit of (-4876 - -6)*(-5 - -4)?
7
Let h be -30*(-18)/315 + (-4)/(-14). Let q(g) = -g**2 + 5*g + 1. Let a(t) = -5*t - 2. Let k(i) = -6*a(i) - 7*q(i). What is the units digit of k(h)?
3
What is the tens digit of 30103/2 - (-112)/(-32)?
4
Let g(y) = 2*y**3 - 22*y**2 - 5*y + 34. Let w be g(11). Let r = w + 194. What is the units digit of r?
3
What is the ten thousands digit of 121/(8172/1020 + -8)?
1
Suppose 0 = 5*v + 3*l - 118, -4*v = -5*v + 5*l + 46. Suppose -v*a - 2850 = -32*a. What is the hundreds digit of a?
4
Let y(q) = q**2 - 19*q + 75. Let x be y(13). What is the units digit of x - 2 - 5888/(-8)?
1
Suppose 3*x = -2*l + 22969, 4*x + 31*l - 30632 = 35*l. What is the hundreds digit of x?
6
Let i(u) = 91*u + 115. Let v(y) = 46*y + 57. Let r(x) = 3*i(x) - 5*v(x). Suppose -3*o + 2 = -13. What is the hundreds digit of r(o)?
2
Let s(m) = 177*m + 120. Let c be s(13). Let r = -1677 + c. What is the tens digit of r?
4
Let f(i) = i**2 + i - 2. Let t(v)